f 31522?
1
What is the tens digit of 214?
1
What is the tens digit of 1467?
6
What is the units digit of 129?
9
What is the thousands digit of 20923?
0
What is the units digit of 2018?
8
What is the thousands digit of 7897?
7
What is the units digit of 737?
7
What is the thousands digit of 3163?
3
What is the ten thousands digit of 63082?
6
What is the tens digit of 8559?
5
What is the thousands digit of 2310?
2
What is the thousands digit of 160314?
0
What is the hundreds digit of 809?
8
What is the units digit of 2062?
2
What is the units digit of 581?
1
What is the hundreds digit of 1999?
9
What is the tens digit of 2735?
3
What is the thousands digit of 1540?
1
What is the thousands digit of 62850?
2
What is the units digit of 138245?
5
What is the thousands digit of 5207?
5
What is the units digit of 8659?
9
What is the hundreds digit of 4529?
5
What is the thousands digit of 5946?
5
What is the units digit of 4974?
4
What is the ten thousands digit of 37344?
3
What is the hundreds digit of 2931?
9
What is the hundreds digit of 26679?
6
What is the hundreds digit of 10322?
3
What is the hundreds digit of 567?
5
What is the units digit of 592?
2
What is the units digit of 350?
0
What is the thousands digit of 2572?
2
What is the hundreds digit of 1265?
2
What is the units digit of 10809?
9
What is the tens digit of 415?
1
What is the tens digit of 851?
5
What is the tens digit of 8692?
9
What is the hundreds digit of 32773?
7
What is the tens digit of 70643?
4
What is the units digit of 275?
5
What is the units digit of 10501?
1
What is the units digit of 194?
4
What is the units digit of 46?
6
What is the units digit of 2828?
8
What is the tens digit of 70896?
9
What is the tens digit of 2893?
9
What is the units digit of 159890?
0
What is the tens digit of 732?
3
What is the units digit of 2261?
1
What is the units digit of 6774?
4
What is the hundreds digit of 23431?
4
What is the units digit of 1233?
3
What is the hundreds digit of 39291?
2
What is the ten thousands digit of 20623?
2
What is the tens digit of 20867?
6
What is the units digit of 81?
1
What is the hundreds digit of 451?
4
What is the units digit of 120?
0
What is the thousands digit of 28107?
8
What is the tens digit of 485?
8
What is the tens digit of 14102?
0
What is the units digit of 92?
2
What is the hundreds digit of 330?
3
What is the thousands digit of 4381?
4
What is the hundreds digit of 2993?
9
What is the units digit of 5346?
6
What is the tens digit of 78?
7
What is the units digit of 1955?
5
What is the tens digit of 4789?
8
What is the thousands digit of 2463?
2
What is the hundreds digit of 64469?
4
What is the units digit of 773?
3
What is the hundreds digit of 796?
7
What is the units digit of 3241?
1
What is the hundreds digit of 832?
8
What is the hundreds digit of 1012?
0
What is the thousands digit of 1765?
1
What is the units digit of 2383?
3
What is the hundreds digit of 191?
1
What is the tens digit of 688?
8
What is the tens digit of 34745?
4
What is the hundreds digit of 350?
3
What is the units digit of 4330?
0
What is the tens digit of 26470?
7
What is the ten thousands digit of 10123?
1
What is the ten thousands digit of 16610?
1
What is the tens digit of 42452?
5
What is the hundreds digit of 495?
4
What is the tens digit of 1924?
2
What is the hundreds digit of 614?
6
What is the tens digit of 28720?
2
What is the ten thousands digit of 43793?
4
What is the thousands digit of 21260?
1
What is the ten thousands digit of 16805?
1
What is the thousands digit of 19273?
9
What is the hundreds digit of 4560?
5
What is the tens digit of 1582?
8
What is the ten thousands digit of 10402?
1
What is the thousands digit of 12050?
2
What is the hundreds digit of 1080?
0
What is the units digit of 1176?
6
What is the units digit of 7378?
8
What is the tens digit of 904?
0
What is the ten thousands digit of 33928?
3
What is the tens digit of 22295?
9
What is the hundreds digit of 2399?
3
What is the tens digit of 1502?
0
What is the tens digit of 97812?
1
What is the hundreds digit of 4596?
5
What is the units digit of 857?
7
What is the tens digit of 895?
9
What is the hundreds digit of 34988?
9
What is the units digit of 320?
0
What is the thousands digit of 69005?
9
What is the tens digit of 26072?
7
What is the units digit of 49499?
9
What is the tens digit of 1614?
1
What is the tens digit of 2611?
1
What is the thousands digit of 3986?
3
What is the tens digit of 945?
4
What is the hundreds digit of 766?
7
What is the units digit of 3678?
8
What is the ten thousands digit of 16111?
1
What is the ten thousands digit of 25819?
2
What is the thousands digit of 7181?
7
What is the thousands digit of 12799?
2
What is the thousands digit of 1510?
1
What is the units digit of 2?
2
What is the units digit of 5621?
1
What is the hundreds digit of 83721?
7
What is the tens digit of 4928?
2
What is the hundreds digit of 2456?
4
What is the thousands digit of 4149?
4
What is the units digit of 2893?
3
What is the units digit of 3415?
5
What is the hundreds digit of 192?
1
What is the hundreds digit of 1911?
9
What is the hundreds digit of 687?
6
What is the hundreds digit of 3949?
9
What is the tens digit of 125161?
6
What is the units digit of 773?
3
What is the units digit of 1829?
9
What is the hundreds digit of 5546?
5
What is the units digit of 685?
5
What is the hundreds digit of 430?
4
What is the units digit of 447?
7
What is the tens digit of 259?
5
What is the hundreds digit of 6050?
0
What is the hundreds digit of 99379?
3
What is the tens digit of 941?
4
What is the units digit of 853?
3
What is the hundreds digit of 6373?
3
What is the units digit of 908?
8
What is the thousands digit of 3313?
3
What is the hundreds digit of 3839?
8
What is the tens digit of 19770?
7
What is the thousands digit of 2804?
2
What is the ten thousands digit of 88161?
8
What is the thousands digit of 20558?
0
What is the tens digit of 287?
8
What is the hundreds digit of 919?
9
What is the tens digit of 1648?
4
What is the tens digit of 11377?
7
What is the hundreds digit of 3898?
8
What is the tens digit of 4921?
2
What is the thousands digit of 3088?
3
What is the units digit of 795?
5
What is the tens digit of 2258?
5
What is the thousands digit of 3246?
3
What is the units digit of 1385?
5
What is the ten thousands digit of 15154?
1
What is the hundreds digit of 80539?
5
What is the units digit of 45702?
2
What is the tens digit of 673?
7
What is the units digit of 52944?
4
What is the hundreds digit of 13630?
6
What is the units digit of 7840?
0
What is the tens digit of 158?
5
What is the hundreds digit of 7473?
4
What is the thousands digit of 118365?
8
What is the hundreds digit of 1550?
5
What is the units digit of 20255?
5
What is the hundreds digit of 34049?
0
What is the tens digit of 1762?
6
What is the hundreds digit of 1655?
6
What is the thousands digit of 20262?
0
What is the hundreds digit of 2903?
9
What is the hundreds digit of 10578?
5
What is the units digit of 14027?
7
What is the thousands digit of 100952?
0
What is the tens digit of 642?
4
What is the tens digit of 1308?
0
What is the thousands digit of 13368?
3
What is the thousands digit of 18427?
8
What is the hundreds digit of 1313?
3
What is the units digit of 816?
6
What is the hundreds digit of 335?
3
What is the hundreds digit of 2295?
2
What is the units digit of 13781?
1
What is the hundreds digit of 116811?
8
What is the thousands digit of 7443?
7
What is the tens digit of 7291?
9
What is the thousands digit of 17957?
7
What is the units digit of 426?
6
What is the units digit of 7127?
7
What is the hundreds digit of 18098?
0
What is the hundreds digit of 158?
1
What is the thousands digit of 44537?
4
What is the ten thousands digit of 18676?
1
What is the hundreds digit of 9619?
6
What is the ten thousands digit of 11780?
1
What is the hundreds digit of 92946?
9
What is the hundreds digit of 697?
6
What is the units digit of 14170?
0
What is the thousands digit of 2533?
2
What is the units digit of 563?
3
What is the units digit of 23995?
5
What is the hundreds digit of 6097?
0
What is the units digit of 424?
4
What is the units digit of 32205?
5
What is the thousands digit of 